{"id":17281,"date":"2026-04-30T16:43:12","date_gmt":"2026-04-30T14:43:12","guid":{"rendered":"https:\/\/turisme.mutxamel.org\/eventos\/visita-guiada-jardins-de-penacerrada-3\/"},"modified":"2026-05-01T03:04:20","modified_gmt":"2026-05-01T01:04:20","slug":"visita-guiada-jardins-de-penacerrada-3","status":"publish","type":"mec-events","link":"https:\/\/turisme.mutxamel.org\/ca\/eventos\/visita-guiada-jardins-de-penacerrada-3\/","title":{"rendered":"Visita guiada Jardins de Pe\u00f1acerrada"},"content":{"rendered":"<p>Descobrix un rac\u00f3 ple d&#8217;hist\u00f2ria i naturalesa<br \/>\nEste diumenge 3 de maig a les 11.00 et convidem a una visita guiada pels Jardins de Pe\u00f1acerrada.<\/p>\n<p>Un passeig \u00fanic entre paisatges amb encant, secrets bot\u00e0nics i vistes que t&#8217;enamoraran.<\/p>\n<p>Reserva la teua pla\u00e7a i deixa&#8217;t sorprendre<\/p>\n<p>inscripcionesturismo@mutxamel.org<\/p>\n<p>M\u00e9s info: 683 58 99 17<\/p>\n","protected":false},"excerpt":{"rendered":"<p>Descobrix un rac\u00f3 ple d&#8217;hist\u00f2ria i naturalesa Este diumenge 3 de maig a les 11.00 et convidem a una visita guiada pels Jardins de Pe\u00f1acerrada. Un passeig \u00fanic entre paisatges amb encant, secrets bot\u00e0nics i vistes que t&#8217;enamoraran. Reserva la teua pla\u00e7a i deixa&#8217;t sorprendre inscripcionesturismo@mutxamel.org M\u00e9s info: 683 58 99 17<\/p>\n","protected":false},"author":5,"featured_media":17282,"comment_status":"closed","ping_status":"closed","template":"","tags":[],"mec_category":[33],"class_list":["post-17281","mec-events","type-mec-events","status-publish","has-post-thumbnail","hentry","mec_category-turismo"],"yoast_head":"<!-- This site is optimized with the Yoast SEO plugin v27.4 - https:\/\/yoast.com\/product\/yoast-seo-wordpress\/ -->\n<title>Visita guiada Jardins de Pe\u00f1acerrada - Turismo Mutxamel<\/title>\n<meta name=\"robots\" content=\"index, follow, max-snippet:-1, max-image-preview:large, max-video-preview:-1\" \/>\n<link rel=\"canonical\" href=\"https:\/\/turisme.mutxamel.org\/ca\/eventos\/visita-guiada-jardins-de-penacerrada-3\/\" \/>\n<meta property=\"og:locale\" content=\"ca_ES\" \/>\n<meta property=\"og:type\" content=\"article\" \/>\n<meta property=\"og:title\" content=\"Visita guiada Jardins de Pe\u00f1acerrada - Turismo Mutxamel\" \/>\n<meta property=\"og:description\" content=\"Descobrix un rac\u00f3 ple d&#8217;hist\u00f2ria i naturalesa Este diumenge 3 de maig a les 11.00 et convidem a una visita guiada pels Jardins de Pe\u00f1acerrada. Un passeig \u00fanic entre paisatges amb encant, secrets bot\u00e0nics i vistes que t&#8217;enamoraran. Reserva la teua pla\u00e7a i deixa&#8217;t sorprendre inscripcionesturismo@mutxamel.org M\u00e9s info: 683 58 99 17\" \/>\n<meta property=\"og:url\" content=\"https:\/\/turisme.mutxamel.org\/ca\/eventos\/visita-guiada-jardins-de-penacerrada-3\/\" \/>\n<meta property=\"og:site_name\" content=\"Turismo Mutxamel\" \/>\n<meta property=\"article:publisher\" content=\"https:\/\/www.facebook.com\/mutxamelturismo\" \/>\n<meta property=\"article:modified_time\" content=\"2026-05-01T01:04:20+00:00\" \/>\n<meta property=\"og:image\" content=\"https:\/\/turisme.mutxamel.org\/wp-content\/uploads\/2023\/11\/VAL-1.jpg\" \/>\n\t<meta property=\"og:image:width\" content=\"1080\" \/>\n\t<meta property=\"og:image:height\" content=\"1080\" \/>\n\t<meta property=\"og:image:type\" content=\"image\/jpeg\" \/>\n<meta name=\"twitter:card\" content=\"summary_large_image\" \/>\n<script type=\"application\/ld+json\" class=\"yoast-schema-graph\">{\"@context\":\"https:\\\/\\\/schema.org\",\"@graph\":[{\"@type\":\"WebPage\",\"@id\":\"https:\\\/\\\/turisme.mutxamel.org\\\/ca\\\/eventos\\\/visita-guiada-jardins-de-penacerrada-3\\\/\",\"url\":\"https:\\\/\\\/turisme.mutxamel.org\\\/ca\\\/eventos\\\/visita-guiada-jardins-de-penacerrada-3\\\/\",\"name\":\"Visita guiada Jardins de Pe\u00f1acerrada - Turismo Mutxamel\",\"isPartOf\":{\"@id\":\"https:\\\/\\\/turisme.mutxamel.org\\\/ca\\\/#website\"},\"primaryImageOfPage\":{\"@id\":\"https:\\\/\\\/turisme.mutxamel.org\\\/ca\\\/eventos\\\/visita-guiada-jardins-de-penacerrada-3\\\/#primaryimage\"},\"image\":{\"@id\":\"https:\\\/\\\/turisme.mutxamel.org\\\/ca\\\/eventos\\\/visita-guiada-jardins-de-penacerrada-3\\\/#primaryimage\"},\"thumbnailUrl\":\"https:\\\/\\\/turisme.mutxamel.org\\\/wp-content\\\/uploads\\\/2023\\\/11\\\/VAL-1.jpg\",\"datePublished\":\"2026-04-30T14:43:12+00:00\",\"dateModified\":\"2026-05-01T01:04:20+00:00\",\"breadcrumb\":{\"@id\":\"https:\\\/\\\/turisme.mutxamel.org\\\/ca\\\/eventos\\\/visita-guiada-jardins-de-penacerrada-3\\\/#breadcrumb\"},\"inLanguage\":\"ca\",\"potentialAction\":[{\"@type\":\"ReadAction\",\"target\":[\"https:\\\/\\\/turisme.mutxamel.org\\\/ca\\\/eventos\\\/visita-guiada-jardins-de-penacerrada-3\\\/\"]}]},{\"@type\":\"ImageObject\",\"inLanguage\":\"ca\",\"@id\":\"https:\\\/\\\/turisme.mutxamel.org\\\/ca\\\/eventos\\\/visita-guiada-jardins-de-penacerrada-3\\\/#primaryimage\",\"url\":\"https:\\\/\\\/turisme.mutxamel.org\\\/wp-content\\\/uploads\\\/2023\\\/11\\\/VAL-1.jpg\",\"contentUrl\":\"https:\\\/\\\/turisme.mutxamel.org\\\/wp-content\\\/uploads\\\/2023\\\/11\\\/VAL-1.jpg\",\"width\":1080,\"height\":1080},{\"@type\":\"BreadcrumbList\",\"@id\":\"https:\\\/\\\/turisme.mutxamel.org\\\/ca\\\/eventos\\\/visita-guiada-jardins-de-penacerrada-3\\\/#breadcrumb\",\"itemListElement\":[{\"@type\":\"ListItem\",\"position\":1,\"name\":\"Portada\",\"item\":\"https:\\\/\\\/turisme.mutxamel.org\\\/ca\\\/\"},{\"@type\":\"ListItem\",\"position\":2,\"name\":\"Events\",\"item\":\"https:\\\/\\\/turisme.mutxamel.org\\\/ca\\\/eventos\\\/\"},{\"@type\":\"ListItem\",\"position\":3,\"name\":\"Visita guiada Jardins de Pe\u00f1acerrada\"}]},{\"@type\":\"WebSite\",\"@id\":\"https:\\\/\\\/turisme.mutxamel.org\\\/ca\\\/#website\",\"url\":\"https:\\\/\\\/turisme.mutxamel.org\\\/ca\\\/\",\"name\":\"Turismo Mutxamel\",\"description\":\"\",\"publisher\":{\"@id\":\"https:\\\/\\\/turisme.mutxamel.org\\\/ca\\\/#organization\"},\"potentialAction\":[{\"@type\":\"SearchAction\",\"target\":{\"@type\":\"EntryPoint\",\"urlTemplate\":\"https:\\\/\\\/turisme.mutxamel.org\\\/ca\\\/?s={search_term_string}\"},\"query-input\":{\"@type\":\"PropertyValueSpecification\",\"valueRequired\":true,\"valueName\":\"search_term_string\"}}],\"inLanguage\":\"ca\"},{\"@type\":\"Organization\",\"@id\":\"https:\\\/\\\/turisme.mutxamel.org\\\/ca\\\/#organization\",\"name\":\"Turismo Mutxamel\",\"url\":\"https:\\\/\\\/turisme.mutxamel.org\\\/ca\\\/\",\"logo\":{\"@type\":\"ImageObject\",\"inLanguage\":\"ca\",\"@id\":\"https:\\\/\\\/turisme.mutxamel.org\\\/ca\\\/#\\\/schema\\\/logo\\\/image\\\/\",\"url\":\"https:\\\/\\\/turisme.mutxamel.org\\\/wp-content\\\/uploads\\\/2024\\\/01\\\/logo-turismo-mutxamel.jpg\",\"contentUrl\":\"https:\\\/\\\/turisme.mutxamel.org\\\/wp-content\\\/uploads\\\/2024\\\/01\\\/logo-turismo-mutxamel.jpg\",\"width\":195,\"height\":81,\"caption\":\"Turismo Mutxamel\"},\"image\":{\"@id\":\"https:\\\/\\\/turisme.mutxamel.org\\\/ca\\\/#\\\/schema\\\/logo\\\/image\\\/\"},\"sameAs\":[\"https:\\\/\\\/www.facebook.com\\\/mutxamelturismo\",\"https:\\\/\\\/www.instagram.com\\\/mutxamelturismo\\\/\",\"https:\\\/\\\/www.youtube.com\\\/aytomutxamel\"]}]}<\/script>\n<!-- \/ Yoast SEO plugin. -->","yoast_head_json":{"title":"Visita guiada Jardins de Pe\u00f1acerrada - Turismo Mutxamel","robots":{"index":"index","follow":"follow","max-snippet":"max-snippet:-1","max-image-preview":"max-image-preview:large","max-video-preview":"max-video-preview:-1"},"canonical":"https:\/\/turisme.mutxamel.org\/ca\/eventos\/visita-guiada-jardins-de-penacerrada-3\/","og_locale":"ca_ES","og_type":"article","og_title":"Visita guiada Jardins de Pe\u00f1acerrada - Turismo Mutxamel","og_description":"Descobrix un rac\u00f3 ple d&#8217;hist\u00f2ria i naturalesa Este diumenge 3 de maig a les 11.00 et convidem a una visita guiada pels Jardins de Pe\u00f1acerrada. Un passeig \u00fanic entre paisatges amb encant, secrets bot\u00e0nics i vistes que t&#8217;enamoraran. Reserva la teua pla\u00e7a i deixa&#8217;t sorprendre inscripcionesturismo@mutxamel.org M\u00e9s info: 683 58 99 17","og_url":"https:\/\/turisme.mutxamel.org\/ca\/eventos\/visita-guiada-jardins-de-penacerrada-3\/","og_site_name":"Turismo Mutxamel","article_publisher":"https:\/\/www.facebook.com\/mutxamelturismo","article_modified_time":"2026-05-01T01:04:20+00:00","og_image":[{"width":1080,"height":1080,"url":"https:\/\/turisme.mutxamel.org\/wp-content\/uploads\/2023\/11\/VAL-1.jpg","type":"image\/jpeg"}],"twitter_card":"summary_large_image","schema":{"@context":"https:\/\/schema.org","@graph":[{"@type":"WebPage","@id":"https:\/\/turisme.mutxamel.org\/ca\/eventos\/visita-guiada-jardins-de-penacerrada-3\/","url":"https:\/\/turisme.mutxamel.org\/ca\/eventos\/visita-guiada-jardins-de-penacerrada-3\/","name":"Visita guiada Jardins de Pe\u00f1acerrada - Turismo Mutxamel","isPartOf":{"@id":"https:\/\/turisme.mutxamel.org\/ca\/#website"},"primaryImageOfPage":{"@id":"https:\/\/turisme.mutxamel.org\/ca\/eventos\/visita-guiada-jardins-de-penacerrada-3\/#primaryimage"},"image":{"@id":"https:\/\/turisme.mutxamel.org\/ca\/eventos\/visita-guiada-jardins-de-penacerrada-3\/#primaryimage"},"thumbnailUrl":"https:\/\/turisme.mutxamel.org\/wp-content\/uploads\/2023\/11\/VAL-1.jpg","datePublished":"2026-04-30T14:43:12+00:00","dateModified":"2026-05-01T01:04:20+00:00","breadcrumb":{"@id":"https:\/\/turisme.mutxamel.org\/ca\/eventos\/visita-guiada-jardins-de-penacerrada-3\/#breadcrumb"},"inLanguage":"ca","potentialAction":[{"@type":"ReadAction","target":["https:\/\/turisme.mutxamel.org\/ca\/eventos\/visita-guiada-jardins-de-penacerrada-3\/"]}]},{"@type":"ImageObject","inLanguage":"ca","@id":"https:\/\/turisme.mutxamel.org\/ca\/eventos\/visita-guiada-jardins-de-penacerrada-3\/#primaryimage","url":"https:\/\/turisme.mutxamel.org\/wp-content\/uploads\/2023\/11\/VAL-1.jpg","contentUrl":"https:\/\/turisme.mutxamel.org\/wp-content\/uploads\/2023\/11\/VAL-1.jpg","width":1080,"height":1080},{"@type":"BreadcrumbList","@id":"https:\/\/turisme.mutxamel.org\/ca\/eventos\/visita-guiada-jardins-de-penacerrada-3\/#breadcrumb","itemListElement":[{"@type":"ListItem","position":1,"name":"Portada","item":"https:\/\/turisme.mutxamel.org\/ca\/"},{"@type":"ListItem","position":2,"name":"Events","item":"https:\/\/turisme.mutxamel.org\/ca\/eventos\/"},{"@type":"ListItem","position":3,"name":"Visita guiada Jardins de Pe\u00f1acerrada"}]},{"@type":"WebSite","@id":"https:\/\/turisme.mutxamel.org\/ca\/#website","url":"https:\/\/turisme.mutxamel.org\/ca\/","name":"Turismo Mutxamel","description":"","publisher":{"@id":"https:\/\/turisme.mutxamel.org\/ca\/#organization"},"potentialAction":[{"@type":"SearchAction","target":{"@type":"EntryPoint","urlTemplate":"https:\/\/turisme.mutxamel.org\/ca\/?s={search_term_string}"},"query-input":{"@type":"PropertyValueSpecification","valueRequired":true,"valueName":"search_term_string"}}],"inLanguage":"ca"},{"@type":"Organization","@id":"https:\/\/turisme.mutxamel.org\/ca\/#organization","name":"Turismo Mutxamel","url":"https:\/\/turisme.mutxamel.org\/ca\/","logo":{"@type":"ImageObject","inLanguage":"ca","@id":"https:\/\/turisme.mutxamel.org\/ca\/#\/schema\/logo\/image\/","url":"https:\/\/turisme.mutxamel.org\/wp-content\/uploads\/2024\/01\/logo-turismo-mutxamel.jpg","contentUrl":"https:\/\/turisme.mutxamel.org\/wp-content\/uploads\/2024\/01\/logo-turismo-mutxamel.jpg","width":195,"height":81,"caption":"Turismo Mutxamel"},"image":{"@id":"https:\/\/turisme.mutxamel.org\/ca\/#\/schema\/logo\/image\/"},"sameAs":["https:\/\/www.facebook.com\/mutxamelturismo","https:\/\/www.instagram.com\/mutxamelturismo\/","https:\/\/www.youtube.com\/aytomutxamel"]}]}},"_links":{"self":[{"href":"https:\/\/turisme.mutxamel.org\/ca\/wp-json\/wp\/v2\/mec-events\/17281","targetHints":{"allow":["GET"]}}],"collection":[{"href":"https:\/\/turisme.mutxamel.org\/ca\/wp-json\/wp\/v2\/mec-events"}],"about":[{"href":"https:\/\/turisme.mutxamel.org\/ca\/wp-json\/wp\/v2\/types\/mec-events"}],"author":[{"embeddable":true,"href":"https:\/\/turisme.mutxamel.org\/ca\/wp-json\/wp\/v2\/users\/5"}],"replies":[{"embeddable":true,"href":"https:\/\/turisme.mutxamel.org\/ca\/wp-json\/wp\/v2\/comments?post=17281"}],"wp:featuredmedia":[{"embeddable":true,"href":"https:\/\/turisme.mutxamel.org\/ca\/wp-json\/wp\/v2\/media\/17282"}],"wp:attachment":[{"href":"https:\/\/turisme.mutxamel.org\/ca\/wp-json\/wp\/v2\/media?parent=17281"}],"wp:term":[{"taxonomy":"post_tag","embeddable":true,"href":"https:\/\/turisme.mutxamel.org\/ca\/wp-json\/wp\/v2\/tags?post=17281"},{"taxonomy":"mec_category","embeddable":true,"href":"https:\/\/turisme.mutxamel.org\/ca\/wp-json\/wp\/v2\/mec_category?post=17281"}],"curies":[{"name":"wp","href":"https:\/\/api.w.org\/{rel}","templated":true}]}}

Visita guiada Jardins de Peñacerrada

<p>Descobrix un racó ple d&#8217;història i naturalesa<br />
Este diumenge 3 de maig a les 11.00 et convidem a una visita guiada pels Jardins de Peñacerrada.</p>
<p>Un passeig únic entre paisatges amb encant, secrets botànics i vistes que t&#8217;enamoraran.</p>
<p>Reserva la teua plaça i deixa&#8217;t sorprendre</p>
<p>inscripcionesturismo@mutxamel.org</p>
<p>Més info: 683 58 99 17</p>

<p>Descobrix un racó ple d&#8217;història i naturalesa Este diumenge 3 de maig a les 11.00 et convidem a una visita guiada pels Jardins de Peñacerrada. Un passeig únic entre paisatges amb encant, secrets botànics i vistes que t&#8217;enamoraran. Reserva la teua plaça i deixa&#8217;t sorprendre inscripcionesturismo@mutxamel.org Més info: 683 58 99 17</p>

<!-- This site is optimized with the Yoast SEO plugin v27.4 - https://yoast.com/product/yoast-seo-wordpress/ -->
<title>Visita guiada Jardins de Peñacerrada - Turismo Mutxamel</title>
<meta name="robots" content="index, follow, max-snippet:-1, max-image-preview:large, max-video-preview:-1" />
<link rel="canonical" href="https://turisme.mutxamel.org/ca/eventos/visita-guiada-jardins-de-penacerrada-3/" />
<meta property="og:locale" content="ca_ES" />
<meta property="og:type" content="article" />
<meta property="og:title" content="Visita guiada Jardins de Peñacerrada - Turismo Mutxamel" />
<meta property="og:description" content="Descobrix un racó ple d&#8217;història i naturalesa Este diumenge 3 de maig a les 11.00 et convidem a una visita guiada pels Jardins de Peñacerrada. Un passeig únic entre paisatges amb encant, secrets botànics i vistes que t&#8217;enamoraran. Reserva la teua plaça i deixa&#8217;t sorprendre inscripcionesturismo@mutxamel.org Més info: 683 58 99 17" />
<meta property="og:url" content="https://turisme.mutxamel.org/ca/eventos/visita-guiada-jardins-de-penacerrada-3/" />
<meta property="og:site_name" content="Turismo Mutxamel" />
<meta property="article:publisher" content="https://www.facebook.com/mutxamelturismo" />
<meta property="article:modified_time" content="2026-05-01T01:04:20+00:00" />
<meta property="og:image" content="https://turisme.mutxamel.org/wp-content/uploads/2023/11/VAL-1.jpg" />
	<meta property="og:image:width" content="1080" />
	<meta property="og:image:height" content="1080" />
	<meta property="og:image:type" content="image/jpeg" />
<meta name="twitter:card" content="summary_large_image" />
<script type="application/ld+json" class="yoast-schema-graph">{"@context":"https:\/\/schema.org","@graph":[{"@type":"WebPage","@id":"https:\/\/turisme.mutxamel.org\/ca\/eventos\/visita-guiada-jardins-de-penacerrada-3\/","url":"https:\/\/turisme.mutxamel.org\/ca\/eventos\/visita-guiada-jardins-de-penacerrada-3\/","name":"Visita guiada Jardins de Peñacerrada - Turismo Mutxamel","isPartOf":{"@id":"https:\/\/turisme.mutxamel.org\/ca\/#website"},"primaryImageOfPage":{"@id":"https:\/\/turisme.mutxamel.org\/ca\/eventos\/visita-guiada-jardins-de-penacerrada-3\/#primaryimage"},"image":{"@id":"https:\/\/turisme.mutxamel.org\/ca\/eventos\/visita-guiada-jardins-de-penacerrada-3\/#primaryimage"},"thumbnailUrl":"https:\/\/turisme.mutxamel.org\/wp-content\/uploads\/2023\/11\/VAL-1.jpg","datePublished":"2026-04-30T14:43:12+00:00","dateModified":"2026-05-01T01:04:20+00:00","breadcrumb":{"@id":"https:\/\/turisme.mutxamel.org\/ca\/eventos\/visita-guiada-jardins-de-penacerrada-3\/#breadcrumb"},"inLanguage":"ca","potentialAction":[{"@type":"ReadAction","target":["https:\/\/turisme.mutxamel.org\/ca\/eventos\/visita-guiada-jardins-de-penacerrada-3\/"]}]},{"@type":"ImageObject","inLanguage":"ca","@id":"https:\/\/turisme.mutxamel.org\/ca\/eventos\/visita-guiada-jardins-de-penacerrada-3\/#primaryimage","url":"https:\/\/turisme.mutxamel.org\/wp-content\/uploads\/2023\/11\/VAL-1.jpg","contentUrl":"https:\/\/turisme.mutxamel.org\/wp-content\/uploads\/2023\/11\/VAL-1.jpg","width":1080,"height":1080},{"@type":"BreadcrumbList","@id":"https:\/\/turisme.mutxamel.org\/ca\/eventos\/visita-guiada-jardins-de-penacerrada-3\/#breadcrumb","itemListElement":[{"@type":"ListItem","position":1,"name":"Portada","item":"https:\/\/turisme.mutxamel.org\/ca\/"},{"@type":"ListItem","position":2,"name":"Events","item":"https:\/\/turisme.mutxamel.org\/ca\/eventos\/"},{"@type":"ListItem","position":3,"name":"Visita guiada Jardins de Peñacerrada"}]},{"@type":"WebSite","@id":"https:\/\/turisme.mutxamel.org\/ca\/#website","url":"https:\/\/turisme.mutxamel.org\/ca\/","name":"Turismo Mutxamel","description":"","publisher":{"@id":"https:\/\/turisme.mutxamel.org\/ca\/#organization"},"potentialAction":[{"@type":"SearchAction","target":{"@type":"EntryPoint","urlTemplate":"https:\/\/turisme.mutxamel.org\/ca\/?s={search_term_string}"},"query-input":{"@type":"PropertyValueSpecification","valueRequired":true,"valueName":"search_term_string"}}],"inLanguage":"ca"},{"@type":"Organization","@id":"https:\/\/turisme.mutxamel.org\/ca\/#organization","name":"Turismo Mutxamel","url":"https:\/\/turisme.mutxamel.org\/ca\/","logo":{"@type":"ImageObject","inLanguage":"ca","@id":"https:\/\/turisme.mutxamel.org\/ca\/#\/schema\/logo\/image\/","url":"https:\/\/turisme.mutxamel.org\/wp-content\/uploads\/2024\/01\/logo-turismo-mutxamel.jpg","contentUrl":"https:\/\/turisme.mutxamel.org\/wp-content\/uploads\/2024\/01\/logo-turismo-mutxamel.jpg","width":195,"height":81,"caption":"Turismo Mutxamel"},"image":{"@id":"https:\/\/turisme.mutxamel.org\/ca\/#\/schema\/logo\/image\/"},"sameAs":["https:\/\/www.facebook.com\/mutxamelturismo","https:\/\/www.instagram.com\/mutxamelturismo\/","https:\/\/www.youtube.com\/aytomutxamel"]}]}</script>
<!-- / Yoast SEO plugin. -->

Visita guiada Jardins de Peñacerrada - Turismo Mutxamel

Descobrix un racó ple d&#8217;història i naturalesa Este diumenge 3 de maig a les 11.00 et convidem a una visita guiada pels Jardins de Peñacerrada. Un passeig únic entre paisatges amb encant, secrets botànics i vistes que t&#8217;enamoraran. Reserva la teua plaça i deixa&#8217;t sorprendre inscripcionesturismo@mutxamel.org Més info: 683 58 99 17
